, 13, 337, 479
List the prime factors of 3559918.
2, 37, 73, 659
What are the prime factors of 48002?
2, 24001
What are the prime factors of 2817384?
2, 3, 89, 1319
List the prime factors of 544978.
2, 7, 67, 83
List the prime factors of 302862.
2, 3, 7, 7211
What are the prime factors of 173820?
2, 3, 5, 2897
List the prime factors of 18229664.
2, 19, 29983
What are the prime factors of 1584055?
5, 11, 83, 347
List the prime factors of 1932648.
2, 3, 80527
List the prime factors of 402477.
3, 19, 23, 307
What are the prime factors of 495138?
2, 3, 7, 11789
List the prime factors of 246918.
2, 3, 7, 5879
List the prime factors of 428328.
2, 3, 661
List the prime factors of 53630.
2, 5, 31, 173
What are the prime factors of 87901?
11, 61, 131
List the prime factors of 3530256.
2, 3, 73547
List the prime factors of 49408.
2, 193
What are the prime factors of 1010104?
2, 31, 4073
List the prime factors of 119905.
5, 23981
What are the prime factors of 5387696?
2, 83, 4057
List the prime factors of 2837396.
2, 709349
What are the prime factors of 289747?
37, 41, 191
What are the prime factors of 770743?
257, 2999
What are the prime factors of 280026?
2, 3, 47, 331
List the prime factors of 2982135.
3, 5, 13, 41, 373
What are the prime factors of 16512528?
2, 3, 23, 14957
What are the prime factors of 6905481?
3, 11, 209257
What are the prime factors of 34452049?
34452049
List the prime factors of 414785.
5, 7, 1693
What are the prime factors of 301488?
2, 3, 11, 571
List the prime factors of 11077077.
3, 11, 335669
List the prime factors of 625893.
3, 208631
What are the prime factors of 153118?
2, 7, 10937
List the prime factors of 12692478.
2, 3, 227, 9319
List the prime factors of 19039567.
19039567
List the prime factors of 6647301.
3, 738589
List the prime factors of 5356038.
2, 3, 179, 4987
List the prime factors of 5947318.
2, 13, 59, 3877
List the prime factors of 368128.
2, 719
What are the prime factors of 14768746?
2, 193, 38261
List the prime factors of 364220.
2, 5, 18211
List the prime factors of 1136829.
3, 29, 73, 179
List the prime factors of 11233537.
7, 281, 5711
List the prime factors of 816443.
816443
List the prime factors of 11246373.
3, 827, 1511
What are the prime factors of 613735?
5, 131, 937
What are the prime factors of 496848?
2, 3, 11, 941
List the prime factors of 1186765.
5, 71, 3343
List the prime factors of 28214.
2, 14107
List the prime factors of 15639715.
5, 7, 13, 37, 929
What are the prime factors of 13206543?
3, 7, 709, 887
What are the prime factors of 1942140?
2, 3, 5, 32369
List the prime factors of 7673805.
3, 5, 56843
What are the prime factors of 609866?
2, 304933
List the prime factors of 884258.
2, 23, 47, 409
What are the prime factors of 1934386?
2, 293, 3301
List the prime factors of 100337.
269, 373
What are the prime factors of 3831037?
7, 547291
What are the prime factors of 12791469?
3, 4263823
What are the prime factors of 2904955?
5, 487, 1193
What are the prime factors of 7516?
2, 1879
List the prime factors of 240264.
2, 3, 47, 71
What are the prime factors of 11958?
2, 3, 1993
What are the prime factors of 11614349?
17, 167, 4091
List the prime factors of 1094036.
2, 479, 571
What are the prime factors of 7163?
13, 19, 29
What are the prime factors of 337347?
3, 37483
List the prime factors of 1272946.
2, 636473
List the prime factors of 526593.
3, 257, 683
What are the prime factors of 3035831?
421, 7211
What are the prime factors of 2313893?
971, 2383
What are the prime factors of 471847?
471847
List the prime factors of 2348918.
2, 11, 13, 43, 191
List the prime factors of 6081773.
107, 113, 503
List the prime factors of 1789580.
2, 5, 13, 6883
List the prime factors of 239302.
2, 7, 17093
List the prime factors of 933014.
2, 19, 43, 571
List the prime factors of 182491.
41, 4451
List the prime factors of 2162819.
137, 15787
List the prime factors of 1164253.
1164253
List the prime factors of 129379.
129379
List the prime factors of 91243.
91243
What are the prime factors of 3357715?
5, 149, 4507
List the prime factors of 2330319.
3, 829, 937
List the prime factors of 1308422.
2, 17, 29, 1327
List the prime factors of 32053315.
5, 7, 359, 2551
What are the prime factors of 2681666?
2, 13, 103141
What are the prime factors of 798154?
2, 7, 47, 1213
What are the prime factors of 7080449?
17, 416497
What are the prime factors of 90328?
2, 7, 1613
What are the prime factors of 14511710?
2, 5, 17, 85363
What are the prime factors of 918138?
2, 3, 13, 79, 149
List the prime factors of 1195132.
2, 509, 587
List the prime factors of 1049258.
2, 7, 149, 503
List the prime factors of 24614911.
24614911
What are the prime factors of 1251196?
2, 312799
List the prime factors of 10757626.
2, 11, 44453
What are the prime factors of 11909904?
2, 3, 281, 883
List the prime factors of 1736866.
2, 19, 45707
List the prime factors of 19247849.
23, 836863
What are the prime factors of 9029468?
2, 7, 389, 829
What are the prime factors of 2295635?
5, 459127
List the prime factors of 16634691.
3, 269, 6871
What are the prime factors of 13207391?
13207391
List the prime factors of 697015.
5, 11, 19, 23, 29
List the prime factors of 5046889.
349, 14461
What are the prime factors of 46929?
3, 15643
List the prime factors of 4068471.
3, 11, 31, 41, 97
What are the prime factors of 366895?
5, 73379
List the prime factors of 176641.
176641
List the prime factors of 5269385.
5, 11, 149, 643
List the prime factors of 7681750.
2, 5, 30727
What are the prime factors of 4014187?
19, 41, 5153
What are the prime factors of 353398?
2, 176699
What are the prime factors of 446666?
2, 11, 79, 257
List the prime factors of 411827.
13, 79, 401
What are the prime factors of 9238413?
3, 1087, 2833
What are the prime factors of 4506855?
3, 5, 53, 5669
What are the prime factors of 509637?
3, 19, 8941
List the prime factors of 1902568.
2, 237821
List the prime factors of 71345.
5, 19, 751
List the prime factors of 197948.
2, 17, 41, 71
List the prime factors of 642656.
2, 7, 19, 151
List the prime factors of 1068423.
3, 356141
List the prime factors of 1044498.
2, 3, 7, 13, 1913
List the prime factors of 6860552.
2, 857569
What are the prime factors of 281633?
11, 25603
What are the prime factors of 10262474?
2, 5131237
List the prime factors of 154118.
2, 263, 293
List the prime factors of 1794443.
7, 256349
List the prime factors of 6640231.
13, 31, 16477
What are the prime factors of 4824184?
2, 603023
List the prime factors of 479716.
2, 119929
What are the prime factors of 69446?
2, 13, 2671
List the prime factors of 1481037.
3, 103, 4793
What are the prime factors of 36428758?
2, 18214379
List the prime factors of 40077506.
2, 7, 103, 27793
What are the prime factors of 285727?
13, 31, 709
List the prime factors of 2075696.
2, 7, 43, 431
List the prime factors of 214571.
7, 29, 151
List the prime factors of 1605232.
2, 41, 2447
List the prime factors of 541413.
3, 43, 1399
List the prime factors of 842273.
71, 11863
What are the prime factors of 2492601?
3, 67, 12401
List the prime factors of 7541552.
2, 61, 7727
What are the prime factors of 1247067?
3, 138563
List the prime factors of 138279.
3, 46093
List the prime factors of 116023.
157, 739
List the prime factors of 1900540.
2, 5, 95027
What are the prime factors of 11961250?
2, 5, 7, 1367
What are the prime factors of 4102822?
2, 19, 101, 1069
List the prime factors of 2195396.
2, 7, 23, 487
List the prime factors of 51430.
2, 5, 37, 139
List the prime factors of 107735.
5, 29, 743
List the prime factors of 287262.
2, 3, 15959
What are the prime factors of 2242178?
2, 23, 79, 617
What are the prime factors of 4311168?
2, 3, 103, 109
List the prime factors of 3398972.
2, 849743
What are the prime factors of 109700?
2, 5, 1097
What are the prime factors of 1417855?
5, 283571
List the prime factors of 150900.
2, 3, 5, 503
List the prime factors of 11088220.
2, 5, 11, 13, 3877
What are the prime factors of 406925?
5, 41, 397
What are the prime factors of 8960845?
5, 37, 48437
List the prime factors of 4504944.
2, 3, 127, 739
What are the prime factors of 10864426?
2, 41, 47, 2819
List the prime factors of 14340678.
2, 3, 11, 19753
What are the prime factors of 18790